g(-21). Calculate the greatest common divisor of 18 and f.
18
Let b be -1 - -2 - (-30)/(-3). Let y be b*((-11)/(-44) + (-82)/8). Suppose 5*a - 23 = -k, 5*k + 5*a - 67 = 28. What is the highest common factor of y and k?
18
Let i = 5235 - 3389. What is the highest common factor of i and 26?
26
Let k(j) = 2*j**2 - 2*j + 3. Let x be k(5). Let l = -2415 + 2459. Suppose l*o - 51 = x*o. Calculate the greatest common factor of 255 and o.
51
Suppose -11*s - 80 = -91*s. Let g = -21 - -44. Calculate the highest common divisor of s and g.
1
Let g = 198 - -1210. What is the highest common factor of g and 220?
44
Suppose 0 = -9*c + 4*c + 240. Let z be (-16)/6*(-252)/c. Let y(p) = 4*p**2 + 7*p - 9. Let a be y(-5). Calculate the highest common divisor of a and z.
14
Suppose 72 - 435 - 6468 = -99*l. What is the greatest common factor of 429 and l?
3
Let j be (9 + 56/(-4))*(-36)/20. Calculate the highest common factor of 747 and j.
9
Let j = -39 - -99. Let m be ((-10)/(-4))/(5/j). What is the highest common factor of 75 and m?
15
Let b(o) = o**3 - 18*o**2 + 47*o - 18. Let w be b(15). Suppose 17*k + w*k - 1131 = 0. Calculate the greatest common divisor of 26 and k.
13
Let u = 3478 - 3444. Calculate the greatest common divisor of 2278 and u.
34
Suppose -x + 104 = 3*s, 0 = 39*s - 36*s - 4*x - 124. Calculate the greatest common factor of 3288 and s.
12
Let m(v) = v**3 - 9*v**2 + 15*v - 18. Let r(y) = -y + 1. Let z(n) = -m(n) - 6*r(n). Let d be z(6). Calculate the highest common factor of d and 726.
66
Let o = -111 + 262. Let t = 169 - o. Suppose -2*z + 27 - 3 = 0. Calculate the greatest common divisor of z and t.
6
Let o be (-74)/185 + 504/35. Calculate the greatest common divisor of 3801 and o.
7
Suppose 3*z + 33 = -5*q + 10, -2*q - 4*z = -2. Let y be (5 + -2)/(q/(-609)*9). Let w be (-2)/10 - 1016/(-5). Calculate the greatest common divisor of y and w.
29
Let p be -124*(-9 + (-6 - -6 - -5)). Suppose 0 = -3*r - 2*r + 4*y + p, 4*r = -2*y + 376. Let g = 108 - 76. What is the greatest common factor of r and g?
32
Let p be (-15)/(-3) - 2 - (8 + -14). Let l(c) = -4*c - 15. Let z be l(-6). What is the greatest common divisor of p and z?
9
Suppose -1576 = 86*j - 9144. What is the highest common factor of 3190 and j?
22
Suppose 3*x - 215 = -2*m, -4*m = -6*x + 3*x - 457. Suppose 2*g + 163 - 43 = 0. Let u be (g/5)/(-2)*16/6. Calculate the greatest common divisor of u and m.
16
Let r(p) = -p + 14. Let h be r(12). Let v(q) = -89*q**2 + 56*q**3 + h*q + 92*q**2 - 3 + 14*q**3. Let o be v(1). Calculate the greatest common factor of o and 8.
8
Suppose 2*o = -5*n + 50, -24 = -5*o + 2*n + 72. Let t be (-450)/175*(-70)/3. What is the greatest common factor of o and t?
20
Let j = 585 - 886. Let s = -262 - j. Calculate the greatest common factor of 52 and s.
13
Let h = -2280 - -2360. What is the greatest common divisor of h and 1240?
40
Let c be (-12)/(-36) + 587/3. Suppose -4*p = 5*y - c, -y - p + 44 = p. Let k be 204/y - 15/9. Calculate the highest common factor of 12 and k.
4
Let y be 2/((-24)/15)*4*-2. Suppose 0 = -y*f + 20 + 220. What is the highest common factor of 16 and f?
8
Let y(k) = -9*k - 106. Let q be y(-26). Let o = 200 - q. What is the greatest common divisor of 54 and o?
18
Let h(u) = 526*u**2 + 57*u + 251. Let r be h(-4). Calculate the greatest common factor of 87 and r.
87
Suppose -2*n + 62 = 2*x, -3299*x - 33 = -n - 3301*x. Suppose 2735 = 5*j - 5*t, 5*j - 2*t - 2739 = 2*t. Calculate the greatest common divisor of j and n.
29
Suppose 22*w - 180 = 10*w. Let v(s) = 8*s + 6. Let j be v(3). What is the highest common factor of j and w?
15
Let n(w) = 2*w**2 - 20*w - 1203. Let g be n(38). What is the greatest common divisor of g and 37?
37
Suppose 0 = -s - 3*s + 5*d - 7, 5*s - 5*d = -5. Let u = -300 + 323. Suppose v + u = 4*k, 13 = 4*k - s*v - 13. Calculate the highest common factor of k and 25.
5
Let j = -5 + 8. Suppose 5*d = 4*u + 128 + 40, 0 = 2*u - 2*d + 84. Let k be (2 - 1)/(-2)*u. What is the greatest common divisor of k and j?
3
Let i(y) = 6*y**2 + 76*y - 572. Let h be i(8). What is the greatest common divisor of 100 and h?
20
Let y(u) = u + 27. Let t be y(6). What is the greatest common factor of t and 3773?
11
Let l = -16 - -50. Suppose 7 - 5 = c. Suppose -c*p - 3*p + 425 = 0. Calculate the highest common factor of p and l.
17
Let w = 602 - 243. Suppose -2*a + 1115 = w. Suppose -4*i + 4*b - 58 = -242, -5*i - 3*b = -198. Calculate the greatest common divisor of i and a.
42
Suppose 358*r - 354*r = 4500. What is the highest common factor of r and 18?
9
Let i(n) = -n**3 - 16*n**2 + 33*n - 51. Let o be i(-18). Let r be (-66)/99 - 1130/o*-1. Calculate the greatest common divisor of r and 282.
94
Suppose 0 = 25*a - 27611 + 93111. Let r = a - -3893. What is the highest common divisor of r and 19?
19
Let c be 2/5 - (-669)/15. Suppose -3*m + 4*d - 26 = 0, 17*m - 16*m - 2*d = -8. Let t be (1 + m)/((-12)/36). What is the highest common divisor of t and c?
9
Let m(i) = -18*i**2 + 83*i + 3. Let b(q) = -28*q**2 + 125*q + 4. Let p(c) = 5*b(c) - 8*m(c). Let h be p(10). Calculate the highest common factor of 24 and h.
6
Suppose -2*a = 4*h - 9268, 0 = 2*h + 4*a - 1591 - 3025. Calculate the highest common factor of h and 1040.
80
Let n be 24/(-48) - ((-9)/2 + -1). Suppose 0 = -5*z + 5*f + 20, n*z - 3 = f + 9. What is the highest common divisor of z and 34?
2
Let f be (-2691)/(-143) + (-13)/(-11) + -1. Suppose 2 + f = -7*v. Let a(b) = -16*b + 18. Let i be a(v). What is the greatest common factor of i and 22?
22
Suppose 54*n + 134 = 56*n + 4*c, -4*n - 2*c = -256. Calculate the greatest common divisor of n and 108.
9
Let l = -138733 + 138757. Let z(n) = 5*n + 2. Let f be z(2). Calculate the highest common divisor of f and l.
12
Let r(y) = 25*y - 181. Let t be r(8). Suppose 2*j - 2331 = -t*j. Calculate the highest common divisor of j and 3.
3
Let q(i) = -357*i**3 - 4*i**2 + 37*i + 39. Let t be q(-1). Calculate the greatest common factor of 8591 and t.
71
Suppose -1 = -2*z - 55. Let a be z/(-9) - (-2 - 2 - -1). Suppose a*p = 23 - 5. What is the greatest common divisor of 12 and p?
3
Suppose -24*k = k + 5*k - 1200. Calculate the highest common factor of 7720 and k.
40
Let b = 911 + 277. What is the highest common factor of 180 and b?
36
Let u(a) = 9*a**2 + 15 + 2*a + 4*a**2 + 0*a**2 + 8*a**2 - 12*a**2. Let p be u(10). Calculate the highest common factor of 85 and p.
85
Let c(p) = -10*p - 46. Let q be c(10). Let r = q - -192. What is the highest common factor of 115 and r?
23
Let g = -12101 - -20062. What is the greatest common factor of g and 19?
19
Let q = -32 - -45. Suppose -81*p + 80*p = -q. Calculate the highest common divisor of p and 377.
13
Suppose -h + 27 + 35 = -5*l, -186 = -3*h + 2*l. Let o be -3 - (-1)/1 - -102. Let k = o + -69. What is the highest common divisor of k and h?
31
Let i be 5 + 141 + (-16)/8. Suppose -52 = -k - 7*o + 4*o, -3*o = 5*k - 308. What is the highest common factor of k and i?
16
Let u = 18 - 13. Suppose 0 = u*d + w - 25, -2*w - 5 = -d - w. Suppose 0 = b - 3*y + d - 25, 2*y - 20 = -b. What is the greatest common factor of b and 40?
20
Let h(z) = -z**2 - 7*z - 5. Let j be (-24)/6 + (-3 - -6). Let f be h(j). Let o be -1 - (f*-329 + 0). Calculate the highest common divisor of 41 and o.
41
Suppose -82*j + 18*j = -33*j - 3968. What is the greatest common divisor of 752 and j?
16
Let a(m) = -520*m - 44. Let g be a(-5). Suppose -7164 = -18*s - g. Calculate the greatest common divisor of 16 and s.
16
Let o(m) = -604*m - 3534. Let g be o(-6). Calculate the greatest common factor of g and 2445.
15
Let m be (-6)/(-9)*(-4 - -7). Let y be 25 - (-4)/(8/m). Suppose -y = 7*r - 313. What is the highest common divisor of 328 and r?
41
Suppose -15*z + 57040 = -z + 2*z. What is the greatest common factor of z and 465?
155
Let y = 165 - 192. Let f = y - -42. What is the greatest common factor of f and 60?
15
Suppose -2*r = x - 28, -60*r = -2*x - 61*r + 29. Calculate the greatest common factor of 902 and x.
2
Let l(i) be the third derivative of i**4/12 + 4*i**3/3 + i**2. Suppose 455*t - 453*t = 0. Let s be l(t). What is the greatest common factor of 80 and s?
8
Let c(i) = 108*i**2 - 22*i + 10. Let b be c(1). What is the highest common factor of b and 6048?
96
Suppose -2*a - 3*